st common divisor of 4520 and 40.
40
What is the greatest common factor of 241 and 298117?
241
What is the highest common divisor of 255168 and 216?
72
What is the greatest common factor of 35519 and 1738?
11
What is the greatest common factor of 500 and 13300?
100
What is the highest common divisor of 448453 and 1115?
223
What is the highest common divisor of 58823 and 59?
59
What is the highest common divisor of 458168 and 4?
4
Calculate the greatest common factor of 2724 and 132.
12
Calculate the highest common divisor of 36036 and 131703.
429
What is the highest common factor of 263772 and 63?
9
Calculate the highest common factor of 21809 and 10961.
113
What is the highest common factor of 1386 and 20592?
198
Calculate the highest common divisor of 84024 and 972.
108
Calculate the greatest common divisor of 29 and 387266.
29
What is the greatest common divisor of 338 and 47827?
169
What is the greatest common factor of 105 and 41715?
15
What is the greatest common divisor of 97654 and 2198?
314
What is the greatest common factor of 22066 and 3366?
374
What is the greatest common factor of 296231 and 286?
13
Calculate the highest common factor of 266 and 24.
2
What is the greatest common divisor of 672 and 2316?
12
What is the greatest common factor of 14091 and 4148?
61
Calculate the highest common divisor of 328425 and 1479.
87
What is the greatest common divisor of 1220 and 48556?
244
Calculate the greatest common factor of 88 and 9647.
11
What is the highest common divisor of 13 and 299377?
13
What is the highest common divisor of 1675 and 594290?
335
What is the highest common factor of 222 and 13368?
6
What is the highest common factor of 56 and 64568?
56
What is the highest common divisor of 702 and 6201?
117
What is the highest common factor of 354 and 1668?
6
What is the highest common factor of 102650 and 100?
50
What is the highest common factor of 870 and 1800?
30
Calculate the highest common divisor of 148350 and 1161.
129
What is the highest common divisor of 4032 and 4599?
63
Calculate the greatest common divisor of 17187 and 1685.
337
What is the highest common factor of 204 and 71376?
12
What is the highest common divisor of 408 and 4131?
51
What is the highest common factor of 265549 and 2479?
37
Calculate the greatest common factor of 496 and 1895464.
248
What is the greatest common divisor of 20 and 8090?
10
Calculate the greatest common factor of 920 and 70610.
230
What is the greatest common divisor of 264 and 732666?
66
Calculate the highest common divisor of 270 and 316170.
270
Calculate the greatest common factor of 38 and 397442.
38
Calculate the highest common factor of 321252 and 228.
228
What is the highest common factor of 1015637 and 7?
7
Calculate the highest common divisor of 21497 and 18389.
259
Calculate the highest common factor of 5880 and 110.
10
What is the highest common factor of 337 and 115?
1
What is the greatest common divisor of 240 and 71920?
80
Calculate the highest common divisor of 66181 and 458.
229
What is the greatest common divisor of 30 and 711890?
10
What is the highest common divisor of 16608 and 256?
32
What is the highest common divisor of 27765 and 2430?
45
What is the highest common divisor of 437 and 2231?
23
What is the highest common divisor of 65 and 127825?
5
Calculate the highest common divisor of 4912 and 64.
16
Calculate the greatest common factor of 165 and 237545.
55
What is the greatest common divisor of 56 and 21469?
7
What is the greatest common divisor of 752 and 1212976?
752
Calculate the highest common divisor of 14378 and 2686.
158
What is the greatest common factor of 517314 and 12204?
678
Calculate the greatest common factor of 9408 and 584.
8
Calculate the greatest common factor of 980 and 6789440.
980
What is the greatest common factor of 2097 and 936?
9
What is the highest common divisor of 1645266 and 12642?
1806
Calculate the highest common factor of 564 and 21534.
6
Calculate the highest common divisor of 16 and 12316.
4
What is the greatest common factor of 1387 and 18639?
19
Calculate the greatest common divisor of 77658 and 126.
42
What is the greatest common factor of 184860 and 300?
60
What is the highest common factor of 1495643 and 51?
17
Calculate the highest common factor of 2008 and 1934.
2
What is the highest common divisor of 566 and 76976?
566
What is the greatest common factor of 189 and 84060?
9
Calculate the greatest common factor of 174343 and 39.
13
Calculate the highest common divisor of 133428 and 162.
6
Calculate the greatest common divisor of 5150138 and 42.
14
What is the highest common factor of 176 and 848?
16
What is the highest common divisor of 113 and 1691610?
113
Calculate the highest common factor of 116 and 181946.
58
Calculate the greatest common divisor of 1496 and 1870.
374
Calculate the highest common factor of 107916 and 3036.
276
Calculate the greatest common divisor of 476 and 351050.
238
What is the highest common divisor of 344 and 17372?
172
What is the highest common divisor of 61 and 302987?
61
Calculate the greatest common divisor of 460 and 32660.
460
Calculate the greatest common divisor of 62 and 47833.
31
What is the highest common factor of 1154569 and 91?
13
Calculate the highest common divisor of 333219 and 403.
31
What is the greatest common divisor of 116 and 959204?
116
Calculate the greatest common divisor of 126 and 2504.
2
Calculate the highest common divisor of 1403635 and 1670.
835
What is the highest common divisor of 213 and 880968?
213
Calculate the highest common factor of 1231541 and 141.
47
What is the highest common factor of 40 and 664060?
20
Calculate the greatest common divisor of 9794 and 1888.
118
What is the highest common divisor of 273 and 5775?
21
What is the greatest common divisor of 215475 and 2720?
85
What is the greatest common factor of 1458 and 120366?
162
What is the highest common factor of 94744 and 1456?
104
What is the highest common factor of 22 and 103092?
22
Calculate the greatest common divisor of 49088 and 2496.
832
What is the greatest common factor of 48 and 111?
3
What is the highest common divisor of 16528 and 53?
1
What is the highest common factor of 25710 and 150?
30
Calculate the highest common factor of 96 and 338892.
12
What is the greatest common divisor of 18 and 282969?
9
What is the greatest common factor of 3152 and 3416?
8
Calculate the greatest common divisor of 648 and 584.
8
Calculate the greatest common factor of 21392 and 112.
112
What is the greatest common divisor of 2613216 and 80?
16
Calculate the highest common factor of 5992 and 481607.
749
Calculate the greatest common divisor of 101 and 95748.
101
Calculate the greatest common divisor of 67913 and 565.
113
What is the greatest common divisor of 3520 and 22240?
160
Calculate the highest common divisor of 113 and 23049401.
113
Calculate the highest common factor of 7752 and 152.
152
Calculate the highest common factor of 9680 and 704.
176
What is the highest common factor of 1495 and 14559?
23
What is the highest common divisor of 10150 and 11900?
350
Calculate the highest common factor of 75 and 10335.
15
Calculate the greatest common divisor of 1380 and 275172.
276
What is the greatest common factor of 14 and 20230?
14
What is the greatest common divisor of 3366412 and 1506?
502
Calculate the greatest common factor of 405769 and 273.
91
Calculate the highest common divisor of 1134 and 1296.
162
What is the highest common factor of 2720727 and 9?
9
Calculate the highest common factor of 128 and 5664.
32
What is the greatest common divisor of 54 and 2130804?
18
What is the highest common factor of 117 and 6422?
13
What is the greatest common divisor of 848 and 7744?
16
Calculate the greatest common divisor of 1060 and 44440.
20
What is the greatest common factor of 20 and 23812?
4
What is the greatest common divisor of 64064 and 19376?
112
What is the highest common factor of 721 and 103?
103
What is the highest common factor of 11406 and 90?
6
What is the greatest common divisor of 57070 and 780?
130
What is the highest common divisor of 6080 and 298680?
760
Calculate the greatest common divisor of 1867761 and 63.
63
Calculate the highest common factor of 29187 and 483.
69
What is t